{"id":68,"date":"2016-10-19T21:43:50","date_gmt":"2016-10-19T19:43:50","guid":{"rendered":"http:\/\/www.ener-quercy.fr\/?page_id=68"},"modified":"2020-04-16T20:28:43","modified_gmt":"2020-04-16T18:28:43","slug":"appareillages","status":"publish","type":"page","link":"http:\/\/www.ener-quercy.fr\/index.php\/appareillages\/","title":{"rendered":"Appareillages"},"content":{"rendered":"<p class=\"jetpack-slideshow-noscript robots-nocontent\">Ce diaporama n\u00e9cessite JavaScript.<\/p><div id=\"gallery-68-1-slideshow\" class=\"jetpack-slideshow-window jetpack-slideshow jetpack-slideshow-black\" data-trans=\"fade\" data-autostart=\"1\" data-gallery=\"[{&quot;src&quot;:&quot;http:\\\/\\\/www.ener-quercy.fr\\\/wp-content\\\/uploads\\\/2016\\\/11\\\/logo-Ener-quercy-web.jpg&quot;,&quot;id&quot;:&quot;234&quot;,&quot;title&quot;:&quot;logo-ener-quercy-web&quot;,&quot;alt&quot;:&quot;&quot;,&quot;caption&quot;:&quot;Notre logo&quot;,&quot;itemprop&quot;:&quot;image&quot;},{&quot;src&quot;:&quot;http:\\\/\\\/www.ener-quercy.fr\\\/wp-content\\\/uploads\\\/2016\\\/10\\\/Appareillages-ok-1.jpg&quot;,&quot;id&quot;:&quot;44&quot;,&quot;title&quot;:&quot;appareillages-ok-1&quot;,&quot;alt&quot;:&quot;&quot;,&quot;caption&quot;:&quot;&quot;,&quot;itemprop&quot;:&quot;image&quot;},{&quot;src&quot;:&quot;http:\\\/\\\/www.ener-quercy.fr\\\/wp-content\\\/uploads\\\/2016\\\/10\\\/20170928_172516-e1509118165914-575x1024.jpg&quot;,&quot;id&quot;:&quot;340&quot;,&quot;title&quot;:&quot;20170928_172516&quot;,&quot;alt&quot;:&quot;&quot;,&quot;caption&quot;:&quot;&quot;,&quot;itemprop&quot;:&quot;image&quot;},{&quot;src&quot;:&quot;http:\\\/\\\/www.ener-quercy.fr\\\/wp-content\\\/uploads\\\/2016\\\/10\\\/Appareillages-4-765x1024.jpg&quot;,&quot;id&quot;:&quot;38&quot;,&quot;title&quot;:&quot;appareillages-4&quot;,&quot;alt&quot;:&quot;&quot;,&quot;caption&quot;:&quot;&quot;,&quot;itemprop&quot;:&quot;image&quot;},{&quot;src&quot;:&quot;http:\\\/\\\/www.ener-quercy.fr\\\/wp-content\\\/uploads\\\/2016\\\/10\\\/Appareillages-3-765x1024.jpg&quot;,&quot;id&quot;:&quot;37&quot;,&quot;title&quot;:&quot;appareillages-3&quot;,&quot;alt&quot;:&quot;&quot;,&quot;caption&quot;:&quot;&quot;,&quot;itemprop&quot;:&quot;image&quot;},{&quot;src&quot;:&quot;http:\\\/\\\/www.ener-quercy.fr\\\/wp-content\\\/uploads\\\/2016\\\/10\\\/20170928_172508-e1509118153729-575x1024.jpg&quot;,&quot;id&quot;:&quot;339&quot;,&quot;title&quot;:&quot;20170928_172508&quot;,&quot;alt&quot;:&quot;&quot;,&quot;caption&quot;:&quot;&quot;,&quot;itemprop&quot;:&quot;image&quot;},{&quot;src&quot;:&quot;http:\\\/\\\/www.ener-quercy.fr\\\/wp-content\\\/uploads\\\/2016\\\/10\\\/WP_20161013_009-767x1024.jpg&quot;,&quot;id&quot;:&quot;110&quot;,&quot;title&quot;:&quot;wp_20161013_009&quot;,&quot;alt&quot;:&quot;&quot;,&quot;caption&quot;:&quot;&quot;,&quot;itemprop&quot;:&quot;image&quot;},{&quot;src&quot;:&quot;http:\\\/\\\/www.ener-quercy.fr\\\/wp-content\\\/uploads\\\/2016\\\/10\\\/20170928_172502-e1509118137278-575x1024.jpg&quot;,&quot;id&quot;:&quot;338&quot;,&quot;title&quot;:&quot;20170928_172502&quot;,&quot;alt&quot;:&quot;&quot;,&quot;caption&quot;:&quot;&quot;,&quot;itemprop&quot;:&quot;image&quot;},{&quot;src&quot;:&quot;http:\\\/\\\/www.ener-quercy.fr\\\/wp-content\\\/uploads\\\/2018\\\/06\\\/20180511_084600-e1528648791946-575x1024.jpg&quot;,&quot;id&quot;:&quot;388&quot;,&quot;title&quot;:&quot;20180511_084600&quot;,&quot;alt&quot;:&quot;&quot;,&quot;caption&quot;:&quot;&quot;,&quot;itemprop&quot;:&quot;image&quot;},{&quot;src&quot;:&quot;http:\\\/\\\/www.ener-quercy.fr\\\/wp-content\\\/uploads\\\/2020\\\/04\\\/celiane-1024x654-1.jpg&quot;,&quot;id&quot;:&quot;732&quot;,&quot;title&quot;:&quot;celiane-1024\\u0026#215;654&quot;,&quot;alt&quot;:&quot;&quot;,&quot;caption&quot;:&quot;&quot;,&quot;itemprop&quot;:&quot;image&quot;},{&quot;src&quot;:&quot;http:\\\/\\\/www.ener-quercy.fr\\\/wp-content\\\/uploads\\\/2020\\\/04\\\/touche_inspiration_700x700-1.jpg&quot;,&quot;id&quot;:&quot;730&quot;,&quot;title&quot;:&quot;touche_inspiration_700x700-1&quot;,&quot;alt&quot;:&quot;&quot;,&quot;caption&quot;:&quot;&quot;,&quot;itemprop&quot;:&quot;image&quot;},{&quot;src&quot;:&quot;http:\\\/\\\/www.ener-quercy.fr\\\/wp-content\\\/uploads\\\/2020\\\/04\\\/fontini-appareillage-electrique-ancien-interrupteur-vintage-porcelaine-1024x731.jpg&quot;,&quot;id&quot;:&quot;748&quot;,&quot;title&quot;:&quot;fontini-appareillage-electrique-ancien-interrupteur-vintage-porcelaine&quot;,&quot;alt&quot;:&quot;&quot;,&quot;caption&quot;:&quot;&quot;,&quot;itemprop&quot;:&quot;image&quot;}]\" itemscope itemtype=\"https:\/\/schema.org\/ImageGallery\"><\/div>\n<p style=\"text-align: center;\">Nous vous proposons un grand choix d&rsquo;appareillages afin de<\/p>\n<p style=\"text-align: center;\">r\u00e9pondre au mieux \u00e0 votre int\u00e9rieur et \u00e0 vos envies.<\/p>\n","protected":false},"excerpt":{"rendered":"<p>Nous vous proposons un grand choix d&rsquo;appareillages afin de r\u00e9pondre au mieux \u00e0 votre int\u00e9rieur et \u00e0 vos envies.<\/p>\n","protected":false},"author":1,"featured_media":748,"parent":0,"menu_order":0,"comment_status":"closed","ping_status":"closed","template":"","meta":{"jetpack_post_was_ever_published":false,"footnotes":""},"class_list":["post-68","page","type-page","status-publish","has-post-thumbnail","hentry"],"jetpack_sharing_enabled":true,"jetpack_shortlink":"https:\/\/wp.me\/P81kpK-16","jetpack_likes_enabled":true,"_links":{"self":[{"href":"http:\/\/www.ener-quercy.fr\/index.php\/wp-json\/wp\/v2\/pages\/68","targetHints":{"allow":["GET"]}}],"collection":[{"href":"http:\/\/www.ener-quercy.fr\/index.php\/wp-json\/wp\/v2\/pages"}],"about":[{"href":"http:\/\/www.ener-quercy.fr\/index.php\/wp-json\/wp\/v2\/types\/page"}],"author":[{"embeddable":true,"href":"http:\/\/www.ener-quercy.fr\/index.php\/wp-json\/wp\/v2\/users\/1"}],"replies":[{"embeddable":true,"href":"http:\/\/www.ener-quercy.fr\/index.php\/wp-json\/wp\/v2\/comments?post=68"}],"version-history":[{"count":13,"href":"http:\/\/www.ener-quercy.fr\/index.php\/wp-json\/wp\/v2\/pages\/68\/revisions"}],"predecessor-version":[{"id":749,"href":"http:\/\/www.ener-quercy.fr\/index.php\/wp-json\/wp\/v2\/pages\/68\/revisions\/749"}],"wp:featuredmedia":[{"embeddable":true,"href":"http:\/\/www.ener-quercy.fr\/index.php\/wp-json\/wp\/v2\/media\/748"}],"wp:attachment":[{"href":"http:\/\/www.ener-quercy.fr\/index.php\/wp-json\/wp\/v2\/media?parent=68"}],"curies":[{"name":"wp","href":"https:\/\/api.w.org\/{rel}","templated":true}]}}